is the remainder when 2393331 is divided by 93?
69
Calculate the remainder when 808402 is divided by 67295.
862
Calculate the remainder when 486220 is divided by 331.
312
What is the remainder when 405201 is divided by 231?
27
Calculate the remainder when 1101172 is divided by 550574.
24
What is the remainder when 6176126 is divided by 295?
6
Calculate the remainder when 4232343 is divided by 9685.
9683
Calculate the remainder when 95728958 is divided by 29.
16
Calculate the remainder when 288871 is divided by 143802.
1267
What is the remainder when 67581000 is divided by 13516199?
5
Calculate the remainder when 131617 is divided by 191.
18
What is the remainder when 1198070 is divided by 32378?
84
Calculate the remainder when 7059618 is divided by 8.
2
What is the remainder when 349282 is divided by 1141?
136
What is the remainder when 801312 is divided by 14058?
6
What is the remainder when 17484162 is divided by 33?
3
What is the remainder when 33728981 is divided by 8432243?
9
What is the remainder when 117940 is divided by 637?
95
What is the remainder when 11559748 is divided by 125?
123
What is the remainder when 767708 is divided by 59045?
123
Calculate the remainder when 112106 is divided by 18646.
230
Calculate the remainder when 53904 is divided by 3207.
2592
Calculate the remainder when 306377059 is divided by 10836.
10831
What is the remainder when 3234712 is divided by 539071?
286
What is the remainder when 50431300 is divided by 12607823?
8
What is the remainder when 179055 is divided by 1946?
23
Calculate the remainder when 243567743 is divided by 37.
36
Calculate the remainder when 808454 is divided by 134560.
1094
Calculate the remainder when 6820090 is divided by 1704991.
126
What is the remainder when 10865 is divided by 1499?
372
What is the remainder when 2730557 is divided by 2730479?
78
What is the remainder when 10046847 is divided by 30?
27
What is the remainder when 711842 is divided by 363?
362
Calculate the remainder when 19579958 is divided by 1531.
1530
What is the remainder when 286683 is divided by 9244?
119
What is the remainder when 87048 is divided by 21701?
244
Calculate the remainder when 736549 is divided by 368152.
245
What is the remainder when 110345 is divided by 36777?
14
Calculate the remainder when 5986749 is divided by 260293.
10
Calculate the remainder when 178085 is divided by 1634.
1613
Calculate the remainder when 35579100 is divided by 1763.
1760
Calculate the remainder when 3612919 is divided by 21.
16
What is the remainder when 14113547 is divided by 17664?
11
What is the remainder when 13041826 is divided by 1863098?
140
What is the remainder when 2755617 is divided by 540?
537
What is the remainder when 241738 is divided by 697?
576
Calculate the remainder when 4437050 is divided by 716.
714
What is the remainder when 241761 is divided by 48106?
1231
What is the remainder when 194097 is divided by 1921?
76
What is the remainder when 1901699 is divided by 50?
49
Calculate the remainder when 405674 is divided by 643.
584
What is the remainder when 50066928 is divided by 160?
48
What is the remainder when 648307 is divided by 40512?
115
What is the remainder when 17631 is divided by 53?
35
What is the remainder when 272892 is divided by 360?
12
Calculate the remainder when 41691592 is divided by 10587.
10573
Calculate the remainder when 2006852 is divided by 13379.
2
What is the remainder when 147628 is divided by 3021?
2620
Calculate the remainder when 27059108 is divided by 33.
32
Calculate the remainder when 32048 is divided by 5292.
296
What is the remainder when 40410627 is divided by 10654?
5
What is the remainder when 187612 is divided by 573?
241
What is the remainder when 17736 is divided by 1642?
1316
What is the remainder when 329221 is divided by 1233?
10
What is the remainder when 9151212 is divided by 3050391?
39
What is the remainder when 4249515 is divided by 531188?
11
What is the remainder when 734966 is divided by 952?
22
What is the remainder when 397716008 is divided by 3?
2
What is the remainder when 946857 is divided by 409?
22
What is the remainder when 49162619 is divided by 12290645?
39
Calculate the remainder when 1055998997 is divided by 980.
977
Calculate the remainder when 784889 is divided by 135.
134
Calculate the remainder when 2185832 is divided by 14.
12
Calculate the remainder when 119349964 is divided by 172.
24
What is the remainder when 108776 is divided by 54131?
514
Calculate the remainder when 1549155 is divided by 110.
25
What is the remainder when 4687424 is divided by 2343613?
198
Calculate the remainder when 3754730 is divided by 1161.
56
What is the remainder when 27610 is divided by 2116?
102
What is the remainder when 5103432 is divided by 284?
236
Calculate the remainder when 207336 is divided by 17268.
120
What is the remainder when 62272065 is divided by 101091?
9
What is the remainder when 308919 is divided by 102961?
36
Calculate the remainder when 5249157 is divided by 1049773.
292
What is the remainder when 193183 is divided by 64347?
142
Calculate the remainder when 5159647 is divided by 177918.
25
Calculate the remainder when 333759549 is divided by 1075.
1074
What is the remainder when 349678 is divided by 9033?
6424
What is the remainder when 33258910 is divided by 461929?
22
Calculate the remainder when 3015878 is divided by 177318.
1472
Calculate the remainder when 707904 is divided by 126.
36
Calculate the remainder when 1835282 is divided by 76470.
2
Calculate the remainder when 5246953 is divided by 66417.
10
Calculate the remainder when 12291040 is divided by 63.
55
Calculate the remainder when 25556336 is divided by 223.
90
What is the remainder when 235082 is divided by 14689?
58
Calculate the remainder when 53285 is divided by 1752.
725
Calculate the remainder when 125990300 is divided by 687.
683
What is the remainder when 130988 is divided by 1016?
940
Calculate the remainder when 210206 is divided by 111.
83
What is the remainder when 33195836 is divided by 516?
8
Calculate the remainder when 4196130 is divided by 243.
6
Calculate the remainder when 85182 is divided by 529.
13
Calculate the remainder when 1970695 is divided by 3194.
3191
What is the remainder when 228825 is divided by 75799?
1428
Calculate the remainder when 105704 is divided by 2856.
32
What is the remainder when 366047 is divided by 215?
117
Calculate the remainder when 11116168 is divided by 4.
0
Calculate the remainder when 2122945 is divided by 7528.
49
What is the remainder when 67297 is divided by 2033?
208
Calculate the remainder when 40665224 is divided by 521349.
2
Calculate the remainder when 50679 is divided by 207.
171
Calculate the remainder when 6948864 is divided by 6948778.
86
Calculate the remainder when 42720 is divided by 101.
98
Calculate the remainder when 45781942 is divided by 47.
41
What is the remainder when 29524995 is divided by 128?
3
What is the remainder when 106845 is divided by 17351?
2739
What is the remainder when 9545544 is divided by 13559?
8
Calculate the remainder when 983516 is divided by 29802.
50
What is the remainder when 52229420 is divided by 13057351?
16
Calculate the remainder when 2252365 is divided by 66246.
1
What is the remainder when 656331 is divided by 1016?
1011
What is the remainder when 174403253 is divided by 1268?
1265
What is the remainder when 30957539 is divided by 46?
45
What is the remainder when 304030 is divided by 657?
496
What is the remainder when 53314 is divided by 12783?
2182
What is the remainder when 1456107 is divided by 448?
107
What is the remainder when 135132 is divided by 67503?
126
What is the remainder when 17658 is divided by 5885?
3
Calculate the remainder when 139031 is divided by 39.
35
Calculate the remainder when 140874501 is divided by 398.
13
Calculate the remainder when 10399523 is divided by 778.
775
What is the remainder when 168579 is divided by 1917?
1800
What is the remainder when 210704 is divided by 2006?
74
What is the remainder when 3227688 is divided by 2650?
2638
Calculate the remainder when 26574910 is divided by 2028.
2026
What is the remainder when 5359641 is divided by 669954?
9
Calculate the remainder when 8592982 is divided by 296304.
166
What